 - 1)*(-30)/105. Let y(g) be the third derivative of -37*g**f + 0 - 1/24*g**4 + 1/60*g**5 + 23/6*g**3 + 0*g. What is y(0)?
23
Let s(n) = -n**2 + 2*n**2 - 7 + 1 + 8*n. Let y(k) = 25*k + 72. Let p be y(-3). Let u be 1/3 - (0 - 25/p). What is s(u)?
-6
Let k = -132 + 133. Let g(u) = 72*u + 65*u + 66*u - 209*u - k. Determine g(-2).
11
Let b(x) = -11*x - 529. Let t(m) = 5*m + 247. Let d(i) = -6*b(i) - 13*t(i). Calculate d(15).
-22
Let v(p) = -p**2 + 6*p + 11. Let r be v(8). Let n(l) = -10*l - 7. Let i be n(-1). Let u(m) = 249 + m**i - 5*m - 2*m**2 + 6*m**2 - 244. Calculate u(r).
5
Let r = -4 + 0. Let x be 2/(r/(-30)) + 0/4. Let g(m) = 2*m - x + 7 + 6. Calculate g(4).
6
Let x(c) be the first derivative of c**4/4 + 8*c**3 - 26*c**2 - 12*c + 521. Give x(-26).
-12
Let l(m) be the first derivative of 26*m + 270 + 1/2*m**2. Give l(-12).
14
Let r(z) = 4*z**3 - 6*z**2 - 3*z + 3. Suppose 0 = -213*q + 109 + 317. Calculate r(q).
5
Let c be -14 - ((-32)/12)/(10/15). Let u(z) = 5*z**3 + 7*z**2 + 4*z - 14. Let w(f) = f**3 - f**2 - f. Let g(o) = -u(o) + 4*w(o). Calculate g(c).
-6
Let w = 59 + -52. Let c(y) = y**3 - 7*y**2 + y - 2. Let i be c(w). Let j = i - 9. Let g(v) = -v**3 - 5*v**2 - v + 5. What is g(j)?
-7
Suppose -3*m = 2*m - 25. Let f(l) be the second derivative of l**4/6 - 7*l**3/6 - l**2 - 3*l - 193. Give f(m).
13
Suppose z + 73 = 2*j, -135 = -3*j - 3*z - 3. Let k(n) = 37 + j - n**2 + 4*n - 78. Let s be (3 + -5)*2/(-1). What is k(s)?
-2
Suppose 3*p + 0*i - 4*i = -12, -4*p + 15 = 5*i. Let y(b) = 3*b**2 + b**2 + 5 + 10*b + p*b**2 - 3*b**2. Calculate y(-5).
-20
Let x(m) = 4*m + 7. Let r(h) be the second derivative of 3*h**3/2 - 57*h**2 + 18*h. Let t be r(12). Give x(t).
-17
Suppose 12*r + 150 = 17*r. Let n(m) = 14*m + 6 - r*m + 25*m. Let p(b) = 19*b + 13. Let y(j) = 9*n(j) - 4*p(j). Calculate y(-4).
-18
Let b(j) = -322*j + 35. Let q(u) = -868*u + 102. Let k(m) = 8*b(m) - 3*q(m). Determine k(1).
2
Let p(x) = 4*x + 2. Let y(q) = 4 - 2 - 5*q - 4. Let r(a) = -4*p(a) - 3*y(a). Let l be (7 + 3)*(3 + (-10)/4). Give r(l).
-7
Let y(k) be the first derivative of -k**4/4 - 3*k**3 + 7*k**2/2 - 14*k + 2. Let f(x) = 114*x + 674. Let o be f(-6). Determine y(o).
16
Let x(d) = d**3 - 4*d**3 + 2*d**3 + 31 - 6*d**3 + d + 8*d**3. Determine x(0).
31
Let j(c) = -c**2 - 7*c - 2. Suppose 0 = 140*z - 138*z - 28. Suppose 3*q = 2*m - z, 0 = -4*q + 4*m - 20. Give j(q).
10
Let o be ((110/77)/(9/(-7)))/((-16)/12). Let r(u) be the third derivative of 0 + 4*u**2 - 1/24*u**4 - 1/60*u**5 + 0*u - o*u**3. What is r(0)?
-5
Let s(w) be the first derivative of -w**4/4 - 3*w**3 - 6*w**2 + 13*w - 904. Calculate s(-7).
-1
Let m(l) be the second derivative of -4*l**3/3 + 1162*l. What is m(-2)?
16
Let h(v) = 10*v + 14. Suppose -10440 + 10480 = -8*t. Calculate h(t).
-36
Let u(i) = 3*i + 15. Let j(m) = m**3 + 5*m**2 - 6*m + 5. Let b be j(-6). Let l(g) = -6 + 4 - 4 - 5*g + 4*g - 2. Let t(n) = b*l(n) + 2*u(n). Calculate t(8).
-2
Let t(p) = p**3 - 8*p**2 + 1. Suppose 5*c = 4*q - 470, -q + c = -4*c - 125. Let j = q + -107. Give t(j).
1
Let k(b) = b**2 + 60*b - 13 - 3*b**2 - 15 - 28 + 44. Calculate k(29).
46
Let r(y) be the second derivative of 0 + 2/15*y**5 - 1/24*y**4 - 1/6*y**3 - 2*y**2 - 3*y. Let i(u) be the first derivative of r(u). Calculate i(-1).
8
Let c(v) = v**2 + v. Let x(k) be the first derivative of -k**4/4 - 7*k**3 - 21*k**2/2 - 18*k - 56. Let t be x(-20). What is c(t)?
6
Let d(r) = r**3 + 6*r**2 - 8*r + 6. Let a(y) = -8*y**2 + 10*y**2 + 8*y**2 - y - 1. Let i be a(1). Let u = -15 + i. Determine d(u).
13
Let m(b) = -192*b - 1148. Let c be m(-6). Let v(d) = -4*d**2 + 5*d + 3. Give v(c).
-41
Let p = 112 - 169. Let u = p + 62. Suppose 4*y - i - u = 0, 0 = -3*y - 3*i + 4*i + 3. Let o(l) = -3*l + 3. Calculate o(y).
-3
Let k(n) be the third derivative of n**6/120 - n**5/6 + n**4/3 + 7*n**3/6 + 100*n**2 - 3. Determine k(9).
-2
Let a(d) = -18*d - 16*d - 11*d + 26*d + 75. Determine a(7).
-58
Let z = 32728 + -32722. Let k(y) = -8*y. Calculate k(z).
-48
Let s = 563 - 558. Let d(k) = -s*k**2 + 15*k - 20*k + 4 + 0 - k**3. Give d(-4).
8
Suppose 2*h + 1 = -5*y, -77*y - 8 = -79*y + 2*h. Let u(a) = 3*a**3 - 2*a**2 - a - 3. Let n(t) = t**2 + 1. Let c(r) = 3*n(r) + u(r). Give c(y).
3
Let l be ((-20)/(-30))/((-2)/(-6)) + 4. Suppose -7*c + l + 8 = 0. Let h(j) = -j - 1220*j**c + 1221*j**2 - 7 + j. Determine h(0).
-7
Let t = -3 - -9. Let v(z) = -34*z - 13. Let s(m) be the third derivative of -19*m**4/24 - 7*m**3/6 + 36*m**2. Let i(p) = -7*s(p) + 4*v(p). What is i(t)?
-21
Let b(u) = u**3 - 197*u + 2 + 108*u - 14*u**2 + 90*u. Determine b(13).
-154
Let x be 2 + 3 + -5 + 2. Let d(s) = x*s + 2*s - 3*s + 2 + 5. Suppose 7 = -4*a - 5*u - 1, -3*u + 33 = -3*a. What is d(a)?
0
Let o(f) = -f**3 - 6*f**2 + 5*f - 19. Let g(w) = -2*w - 173. Let b be g(-83). Calculate o(b).
-5
Suppose b - 4*w + 2 = 0, 5*b = w + 10 - 1. Suppose 0 = 3*o - 0*o - b*i - 9, -5*o = -i - 15. Let n(x) = x + 1. What is n(o)?
4
Let k(h) = -h**2 - 6*h + 8. Suppose 4*t = 0, 0*t = -4*o + t + 5236. Suppose -13*l + 2019 = -o. Let r be (l/(-80))/(4/10). What is k(r)?
-8
Let a be (-2)/(-6)*(6 - 0). Let w(l) be the first derivative of -25 - 3*l + 7*l - 3*l + a*l**3. Calculate w(-1).
7
Suppose 21*t - 15*t = -75 + 15. Let h(j) = j**3 + 8*j**2 - 17*j - 25. What is h(t)?
-55
Suppose s + 3*c = 23, -3*s - 15 = -c - 2*c. Let w(g) be the second derivative of 0 - 1/6*g**3 - 48*g + s*g**2. Give w(10).
-6
Let b(z) = -6*z**3 + 2*z**2 - 4*z + 4. Suppose -47 = 29*t - 94*t + 83. Determine b(t).
-44
Let u(r) be the first derivative of r**5/20 + 7*r**4/12 + 5*r**3/6 + 2*r**2 - 29*r - 33. Let g(m) be the first derivative of u(m). What is g(-6)?
10
Let y(h) = h + 14. Suppose -469 - 291 = 10*q. Let k be (0 - 24)*19/q. Determine y(k).
20
Let c(p) = -p**3 + 21*p**2 - 23*p + 62. Let z be (-176)/(-9) - (-312)/702. Give c(z).
2
Let r(l) = -3*l**2 - 11*l + 41. Let q(s) = -s**2 + 38*s - 358. Let k be q(22). What is r(k)?
-1
Suppose 34*m - 6 = 31*m. Let a(q) = m*q + 6*q - q - 3 - 8*q. Calculate a(-5).
2
Let j be 960/270 - 16/(-36). Let l(n) = -n**2 - 4*n + 6. Give l(j).
-26
Let q(a) = -9*a - 50. Let i(z) = -11*z - 54. Let j(t) = 3*i(t) - 4*q(t). Give j(-18).
-16
Let a(b) = 2*b**2 + 443*b + 442. Let q be a(-1). Let x(w) = -32*w + 5. Determine x(q).
-27
Suppose 0 = a + 22 - 22. Suppose 3*f = x - a*x - 153, 4*f - 16 = 0. Let q(c) = c - x*c**3 + 2*c**2 + 2 - 6*c**2 + 166*c**3. What is q(3)?
-4
Let w(s) be the first derivative of -s**7/840 + s**6/60 - s**5/30 - s**4/24 + 13*s**3/3 + 3*s**2/2 + 3. Let h(b) be the third derivative of w(b). Give h(5).
4
Let i(w) be the first derivative of -1/20*w**5 - 7/6*w**3 + 7/2*w**2 - 22 + 1/2*w**4 - 26*w. Let c(d) be the first derivative of i(d). Give c(5).
-3
Let z(q) be the second derivative of -3*q**5/10 + q**4/12 - q**2/2 - 61*q. Suppose 9*g - 9 = 8*g - 5*l, 2*g = 4*l - 10. Calculate z(g).
6
Let v = 13785 + -13779. Let o(b) = -b**2 + 9. Let z(r) = -r**2 + r + 8. Let j(s) = -3*o(s) + 4*z(s). Calculate j(v).
-7
Let a(z) = 1. Let n(w) = -w**2 - 4*w + 1. Let k(d) = -d**2 - d. Let g be k(-1). Suppose g = -3*u - 3. Let x(v) = u*n(v) - 4*a(v). Give x(-4).
-5
Let q(r) be the first derivative of -r**4/4 - 7*r**3/3 - 5*r - 1. Suppose 0 = -132*z - 86*z + 237*z + 133. Give q(z).
-5
Let x(d) be the first derivative of 63 + 7*d + 1/2*d**2. Calculate x(-8).
-1
Let z(o) = -o + 42. Let c(h) = h**2 - 3*h + 118. Let a(f) = -c(f) + 2*z(f). Determine a(0).
-34
Suppose 2*x = 0, -3*g - 3*x - 12 = -6*g. Let p(v) = -10*v + 0*v - 4 + 5 - g + 4*v. Calculate p(4).
-27
Let l(c) = -c**3 + 9*c**2 + 27*c - 33. Let i be l(11). Suppose 21*f = i*f - 8. Let k(r) = 4*r - 6. What is k(f)?
26
Let k(n) be the first derivative of n**3/3 + 7*n**2/2 - 35*n + 4161. Calculate k(4).
9
Let m be 6/(-18) + 16/(-6). Let x(k) be the first derivative of k**3 + 5*k**2/2 + 2*k - 1459. What is x(m)?
14
Suppose -2*a - 1 = 9. Let i(p) be the third derivative of -p**4/24 - p**3/6 - 18*p**2 - 5*p. Calculate i(a).
4
Let f(a) = -2*a**3 + 19*a - 19. Let r(d) = -d**3 + 9*d - 9. Let m(c) = 2*f(c) - 5*r(c). Let i be m(2). Let j(u) = 13*u**2 + u - 1. Calculate j(i).
13
Let s(i) = i. Let p(u) = u - 2. Let r(k) = -k + 1. Let m(q) = -5*p(q) - 10*r(q). Let g be 1/(-11) + 36/33. Let z(o) = g*m(o) - 4*s(o). What is z(0)?
0
Let